{"id":1248,"date":"2023-01-08T14:28:48","date_gmt":"2023-01-08T13:28:48","guid":{"rendered":"https:\/\/mojevyslapy.betunak.cz\/?page_id=1248"},"modified":"2024-12-05T18:16:28","modified_gmt":"2024-12-05T17:16:28","slug":"leden-2023","status":"publish","type":"page","link":"https:\/\/mojevyslapy.betunak.cz\/?page_id=1248","title":{"rendered":"Leden 2023"},"content":{"rendered":"<div class=\"wp-block-image\">\n<figure class=\"alignright size-full is-resized\"><a href=\"https:\/\/mapy.cz\/s\/bepuronumo\" target=\"_blank\" rel=\"noreferrer noopener\"><img loading=\"lazy\" decoding=\"async\" width=\"1003\" height=\"769\" src=\"https:\/\/mojevyslapy.betunak.cz\/wp-content\/uploads\/2023\/01\/Radhost.jpg\" alt=\"\" class=\"wp-image-1326\" style=\"width:158px;height:121px\" srcset=\"https:\/\/mojevyslapy.betunak.cz\/wp-content\/uploads\/2023\/01\/Radhost.jpg 1003w, https:\/\/mojevyslapy.betunak.cz\/wp-content\/uploads\/2023\/01\/Radhost-300x230.jpg 300w, https:\/\/mojevyslapy.betunak.cz\/wp-content\/uploads\/2023\/01\/Radhost-768x589.jpg 768w\" sizes=\"auto, (max-width: 1003px) 100vw, 1003px\" \/><\/a><\/figure><\/div>\n\n<p><span id=\"1.1.23\" class=\"sta-anchor \" aria-hidden=\"true\"><\/span>6.1.2023 Pustevny-Radho\u0161\u0165-Doln\u00ed Be\u010dva<br \/>\n9,88 km<br \/>\nngg_shortcode_0_placeholder<\/p>\n\n\n<div class=\"wp-block-image\">\n<figure class=\"alignright size-large is-resized\"><a href=\"https:\/\/mapy.cz\/s\/fojalakene\" target=\"_blank\" rel=\"noreferrer noopener\"><img loading=\"lazy\" decoding=\"async\" width=\"1024\" height=\"296\" src=\"https:\/\/mojevyslapy.betunak.cz\/wp-content\/uploads\/2023\/01\/Helfstyn-1024x296.jpg\" alt=\"\" class=\"wp-image-1296\" style=\"width:209px;height:60px\" srcset=\"https:\/\/mojevyslapy.betunak.cz\/wp-content\/uploads\/2023\/01\/Helfstyn-1024x296.jpg 1024w, https:\/\/mojevyslapy.betunak.cz\/wp-content\/uploads\/2023\/01\/Helfstyn-300x87.jpg 300w, https:\/\/mojevyslapy.betunak.cz\/wp-content\/uploads\/2023\/01\/Helfstyn-768x222.jpg 768w, https:\/\/mojevyslapy.betunak.cz\/wp-content\/uploads\/2023\/01\/Helfstyn-1536x444.jpg 1536w, https:\/\/mojevyslapy.betunak.cz\/wp-content\/uploads\/2023\/01\/Helfstyn.jpg 1694w\" sizes=\"auto, (max-width: 1024px) 100vw, 1024px\" \/><\/a><\/figure><\/div>\n\n<p><span id=\"7.1.23\" class=\"sta-anchor \" aria-hidden=\"true\"><\/span>7.1.2023 T\u00fdn n.B.-Helf\u0161t\u00fdn-Teplice n.B.<br \/>\n17,19 km<br \/>\nngg_shortcode_1_placeholder<\/p>\n\n\n\n<p><\/p>\n\n\n<div class=\"wp-block-image\">\n<figure class=\"alignright size-large is-resized\"><a href=\"https:\/\/mapy.cz\/s\/jonukomezu\" target=\"_blank\" rel=\"noreferrer noopener\"><img loading=\"lazy\" decoding=\"async\" width=\"1024\" height=\"421\" src=\"https:\/\/mojevyslapy.betunak.cz\/wp-content\/uploads\/2023\/01\/Raj-na-zemi-1024x421.jpg\" alt=\"\" class=\"wp-image-1389\" style=\"width:268px;height:109px\" srcset=\"https:\/\/mojevyslapy.betunak.cz\/wp-content\/uploads\/2023\/01\/Raj-na-zemi-1024x421.jpg 1024w, https:\/\/mojevyslapy.betunak.cz\/wp-content\/uploads\/2023\/01\/Raj-na-zemi-300x123.jpg 300w, https:\/\/mojevyslapy.betunak.cz\/wp-content\/uploads\/2023\/01\/Raj-na-zemi-768x316.jpg 768w, https:\/\/mojevyslapy.betunak.cz\/wp-content\/uploads\/2023\/01\/Raj-na-zemi.jpg 1075w\" sizes=\"auto, (max-width: 1024px) 100vw, 1024px\" \/><\/a><\/figure><\/div>\n\n<p><span id=\"21.1.23\" class=\"sta-anchor \" aria-hidden=\"true\"><\/span>21.1.2023 Za\u0161ov\u00e1-R\u00e1j na zemi<br \/>\n5,4 km<br \/>\nngg_shortcode_2_placeholder<\/p>\n\n\n<div class=\"wp-block-image\">\n<figure class=\"alignright size-large is-resized\"><a href=\"https:\/\/mapy.cz\/s\/legeracube\" target=\"_blank\" rel=\"noreferrer noopener\"><img loading=\"lazy\" decoding=\"async\" width=\"1024\" height=\"459\" src=\"https:\/\/mojevyslapy.betunak.cz\/wp-content\/uploads\/2023\/01\/Mapa-3-1024x459.jpg\" alt=\"\" class=\"wp-image-1444\" style=\"width:307px;height:137px\" srcset=\"https:\/\/mojevyslapy.betunak.cz\/wp-content\/uploads\/2023\/01\/Mapa-3-1024x459.jpg 1024w, https:\/\/mojevyslapy.betunak.cz\/wp-content\/uploads\/2023\/01\/Mapa-3-300x134.jpg 300w, https:\/\/mojevyslapy.betunak.cz\/wp-content\/uploads\/2023\/01\/Mapa-3-768x344.jpg 768w, https:\/\/mojevyslapy.betunak.cz\/wp-content\/uploads\/2023\/01\/Mapa-3-1536x688.jpg 1536w, https:\/\/mojevyslapy.betunak.cz\/wp-content\/uploads\/2023\/01\/Mapa-3-570x255.jpg 570w, https:\/\/mojevyslapy.betunak.cz\/wp-content\/uploads\/2023\/01\/Mapa-3.jpg 1785w\" sizes=\"auto, (max-width: 1024px) 100vw, 1024px\" \/><\/a><\/figure><\/div>\n\n<p><span id=\"28.1.23\" class=\"sta-anchor \" aria-hidden=\"true\"><\/span>28.1.2023 Vset\u00edn-Ho\u0161\u0165\u00e1lkov\u00e1<br \/>\n15,83 km<br \/>\nngg_shortcode_3_placeholder<\/p>\n","protected":false},"excerpt":{"rendered":"","protected":false},"author":1,"featured_media":0,"parent":0,"menu_order":0,"comment_status":"closed","ping_status":"closed","template":"","meta":{"ngg_post_thumbnail":0,"footnotes":""},"class_list":["post-1248","page","type-page","status-publish","hentry"],"jetpack_sharing_enabled":true,"_links":{"self":[{"href":"https:\/\/mojevyslapy.betunak.cz\/index.php?rest_route=\/wp\/v2\/pages\/1248","targetHints":{"allow":["GET"]}}],"collection":[{"href":"https:\/\/mojevyslapy.betunak.cz\/index.php?rest_route=\/wp\/v2\/pages"}],"about":[{"href":"https:\/\/mojevyslapy.betunak.cz\/index.php?rest_route=\/wp\/v2\/types\/page"}],"author":[{"embeddable":true,"href":"https:\/\/mojevyslapy.betunak.cz\/index.php?rest_route=\/wp\/v2\/users\/1"}],"replies":[{"embeddable":true,"href":"https:\/\/mojevyslapy.betunak.cz\/index.php?rest_route=%2Fwp%2Fv2%2Fcomments&post=1248"}],"version-history":[{"count":0,"href":"https:\/\/mojevyslapy.betunak.cz\/index.php?rest_route=\/wp\/v2\/pages\/1248\/revisions"}],"wp:attachment":[{"href":"https:\/\/mojevyslapy.betunak.cz\/index.php?rest_route=%2Fwp%2Fv2%2Fmedia&parent=1248"}],"curies":[{"name":"wp","href":"https:\/\/api.w.org\/{rel}","templated":true}]}}

<div class="wp-block-image">
<figure class="alignright size-full is-resized"><a href="https://mapy.cz/s/bepuronumo" target="_blank" rel="noreferrer noopener"><img loading="lazy" decoding="async" width="1003" height="769" src="https://mojevyslapy.betunak.cz/wp-content/uploads/2023/01/Radhost.jpg" alt="" class="wp-image-1326" style="width:158px;height:121px" srcset="https://mojevyslapy.betunak.cz/wp-content/uploads/2023/01/Radhost.jpg 1003w, https://mojevyslapy.betunak.cz/wp-content/uploads/2023/01/Radhost-300x230.jpg 300w, https://mojevyslapy.betunak.cz/wp-content/uploads/2023/01/Radhost-768x589.jpg 768w" sizes="auto, (max-width: 1003px) 100vw, 1003px" /></a></figure></div>

<p><span id="1.1.23" class="sta-anchor " aria-hidden="true"></span>6.1.2023 Pustevny-Radhošť-Dolní Bečva<br />
9,88 km<br />
ngg_shortcode_0_placeholder</p>


<div class="wp-block-image">
<figure class="alignright size-large is-resized"><a href="https://mapy.cz/s/fojalakene" target="_blank" rel="noreferrer noopener"><img loading="lazy" decoding="async" width="1024" height="296" src="https://mojevyslapy.betunak.cz/wp-content/uploads/2023/01/Helfstyn-1024x296.jpg" alt="" class="wp-image-1296" style="width:209px;height:60px" srcset="https://mojevyslapy.betunak.cz/wp-content/uploads/2023/01/Helfstyn-1024x296.jpg 1024w, https://mojevyslapy.betunak.cz/wp-content/uploads/2023/01/Helfstyn-300x87.jpg 300w, https://mojevyslapy.betunak.cz/wp-content/uploads/2023/01/Helfstyn-768x222.jpg 768w, https://mojevyslapy.betunak.cz/wp-content/uploads/2023/01/Helfstyn-1536x444.jpg 1536w, https://mojevyslapy.betunak.cz/wp-content/uploads/2023/01/Helfstyn.jpg 1694w" sizes="auto, (max-width: 1024px) 100vw, 1024px" /></a></figure></div>

<p><span id="7.1.23" class="sta-anchor " aria-hidden="true"></span>7.1.2023 Týn n.B.-Helfštýn-Teplice n.B.<br />
17,19 km<br />
ngg_shortcode_1_placeholder</p>



<p></p>


<div class="wp-block-image">
<figure class="alignright size-large is-resized"><a href="https://mapy.cz/s/jonukomezu" target="_blank" rel="noreferrer noopener"><img loading="lazy" decoding="async" width="1024" height="421" src="https://mojevyslapy.betunak.cz/wp-content/uploads/2023/01/Raj-na-zemi-1024x421.jpg" alt="" class="wp-image-1389" style="width:268px;height:109px" srcset="https://mojevyslapy.betunak.cz/wp-content/uploads/2023/01/Raj-na-zemi-1024x421.jpg 1024w, https://mojevyslapy.betunak.cz/wp-content/uploads/2023/01/Raj-na-zemi-300x123.jpg 300w, https://mojevyslapy.betunak.cz/wp-content/uploads/2023/01/Raj-na-zemi-768x316.jpg 768w, https://mojevyslapy.betunak.cz/wp-content/uploads/2023/01/Raj-na-zemi.jpg 1075w" sizes="auto, (max-width: 1024px) 100vw, 1024px" /></a></figure></div>

<p><span id="21.1.23" class="sta-anchor " aria-hidden="true"></span>21.1.2023 Zašová-Ráj na zemi<br />
5,4 km<br />
ngg_shortcode_2_placeholder</p>


<div class="wp-block-image">
<figure class="alignright size-large is-resized"><a href="https://mapy.cz/s/legeracube" target="_blank" rel="noreferrer noopener"><img loading="lazy" decoding="async" width="1024" height="459" src="https://mojevyslapy.betunak.cz/wp-content/uploads/2023/01/Mapa-3-1024x459.jpg" alt="" class="wp-image-1444" style="width:307px;height:137px" srcset="https://mojevyslapy.betunak.cz/wp-content/uploads/2023/01/Mapa-3-1024x459.jpg 1024w, https://mojevyslapy.betunak.cz/wp-content/uploads/2023/01/Mapa-3-300x134.jpg 300w, https://mojevyslapy.betunak.cz/wp-content/uploads/2023/01/Mapa-3-768x344.jpg 768w, https://mojevyslapy.betunak.cz/wp-content/uploads/2023/01/Mapa-3-1536x688.jpg 1536w, https://mojevyslapy.betunak.cz/wp-content/uploads/2023/01/Mapa-3-570x255.jpg 570w, https://mojevyslapy.betunak.cz/wp-content/uploads/2023/01/Mapa-3.jpg 1785w" sizes="auto, (max-width: 1024px) 100vw, 1024px" /></a></figure></div>

<p><span id="28.1.23" class="sta-anchor " aria-hidden="true"></span>28.1.2023 Vsetín-Hošťálková<br />
15,83 km<br />
ngg_shortcode_3_placeholder</p>
