{"id":1577,"date":"2023-03-05T08:12:20","date_gmt":"2023-03-05T07:12:20","guid":{"rendered":"https:\/\/mojevyslapy.betunak.cz\/?page_id=1577"},"modified":"2023-03-25T16:33:48","modified_gmt":"2023-03-25T15:33:48","slug":"brezen-2023","status":"publish","type":"page","link":"https:\/\/mojevyslapy.betunak.cz\/?page_id=1577","title":{"rendered":"B\u0159ezen 2023"},"content":{"rendered":"<div class=\"wp-block-image\">\n<figure class=\"alignright size-full is-resized\"><a href=\"https:\/\/mapy.cz\/s\/kotolupole\" target=\"_blank\" rel=\"noreferrer noopener\"><img loading=\"lazy\" decoding=\"async\" src=\"https:\/\/mojevyslapy.betunak.cz\/wp-content\/uploads\/2023\/03\/Mapa.jpg\" alt=\"\" class=\"wp-image-1604\" width=\"91\" height=\"168\" srcset=\"https:\/\/mojevyslapy.betunak.cz\/wp-content\/uploads\/2023\/03\/Mapa.jpg 427w, https:\/\/mojevyslapy.betunak.cz\/wp-content\/uploads\/2023\/03\/Mapa-162x300.jpg 162w\" sizes=\"auto, (max-width: 91px) 100vw, 91px\" \/><\/a><\/figure><\/div>\n\n<p><span id=\"4.3.23\" class=\"sta-anchor \" aria-hidden=\"true\"><\/span>4.3.2023 Zd\u011bchov &#8211; Pul\u010diny &#8211; H.Lide\u010d<br \/>\n16,1 km<br \/>\nngg_shortcode_0_placeholder<\/p>\n\n\n<div class=\"wp-block-image\">\n<figure class=\"alignright size-large is-resized\"><a href=\"https:\/\/mapy.cz\/s\/bohegopego\" target=\"_blank\" rel=\"noreferrer noopener\"><img loading=\"lazy\" decoding=\"async\" src=\"https:\/\/mojevyslapy.betunak.cz\/wp-content\/uploads\/2023\/03\/Mapa-1-1024x324.jpg\" alt=\"\" class=\"wp-image-1637\" width=\"254\" height=\"80\" srcset=\"https:\/\/mojevyslapy.betunak.cz\/wp-content\/uploads\/2023\/03\/Mapa-1-1024x324.jpg 1024w, https:\/\/mojevyslapy.betunak.cz\/wp-content\/uploads\/2023\/03\/Mapa-1-300x95.jpg 300w, https:\/\/mojevyslapy.betunak.cz\/wp-content\/uploads\/2023\/03\/Mapa-1-768x243.jpg 768w, https:\/\/mojevyslapy.betunak.cz\/wp-content\/uploads\/2023\/03\/Mapa-1.jpg 1123w\" sizes=\"auto, (max-width: 254px) 100vw, 254px\" \/><\/a><\/figure><\/div>\n\n<p><span id=\"18.3.23\" class=\"sta-anchor \" aria-hidden=\"true\"><\/span>18.3.2023 Vala\u0161sk\u00e1 Byst\u0159ice &#8211; Vrch H\u016fra &#8211; Byst\u0159i\u010dka<br \/>\n16 km<br \/>\nngg_shortcode_1_placeholder<\/p>\n\n\n<div class=\"wp-block-image\">\n<figure class=\"alignright size-full is-resized\"><a href=\"https:\/\/mapy.cz\/s\/jodakunegu\" target=\"_blank\" rel=\"noreferrer noopener\"><img loading=\"lazy\" decoding=\"async\" src=\"https:\/\/mojevyslapy.betunak.cz\/wp-content\/uploads\/2023\/03\/Mapa-2.jpg\" alt=\"\" class=\"wp-image-1695\" width=\"158\" height=\"164\" srcset=\"https:\/\/mojevyslapy.betunak.cz\/wp-content\/uploads\/2023\/03\/Mapa-2.jpg 586w, https:\/\/mojevyslapy.betunak.cz\/wp-content\/uploads\/2023\/03\/Mapa-2-288x300.jpg 288w\" sizes=\"auto, (max-width: 158px) 100vw, 158px\" \/><\/a><\/figure><\/div>\n\n<p><span id=\"25.3.23\" class=\"sta-anchor \" aria-hidden=\"true\"><\/span>25.3.2023 Rajnochovice &#8211; Tes\u00e1k &#8211; Troj\u00e1k<br \/>\n12,9 km<br \/>\nngg_shortcode_2_placeholder<\/p>\n","protected":false},"excerpt":{"rendered":"","protected":false},"author":1,"featured_media":0,"parent":0,"menu_order":0,"comment_status":"closed","ping_status":"closed","template":"","meta":{"ngg_post_thumbnail":0,"footnotes":""},"class_list":["post-1577","page","type-page","status-publish","hentry"],"jetpack_sharing_enabled":true,"_links":{"self":[{"href":"https:\/\/mojevyslapy.betunak.cz\/index.php?rest_route=\/wp\/v2\/pages\/1577","targetHints":{"allow":["GET"]}}],"collection":[{"href":"https:\/\/mojevyslapy.betunak.cz\/index.php?rest_route=\/wp\/v2\/pages"}],"about":[{"href":"https:\/\/mojevyslapy.betunak.cz\/index.php?rest_route=\/wp\/v2\/types\/page"}],"author":[{"embeddable":true,"href":"https:\/\/mojevyslapy.betunak.cz\/index.php?rest_route=\/wp\/v2\/users\/1"}],"replies":[{"embeddable":true,"href":"https:\/\/mojevyslapy.betunak.cz\/index.php?rest_route=%2Fwp%2Fv2%2Fcomments&post=1577"}],"version-history":[{"count":0,"href":"https:\/\/mojevyslapy.betunak.cz\/index.php?rest_route=\/wp\/v2\/pages\/1577\/revisions"}],"wp:attachment":[{"href":"https:\/\/mojevyslapy.betunak.cz\/index.php?rest_route=%2Fwp%2Fv2%2Fmedia&parent=1577"}],"curies":[{"name":"wp","href":"https:\/\/api.w.org\/{rel}","templated":true}]}}