{"id":1895,"date":"2023-12-16T16:24:38","date_gmt":"2023-12-16T15:24:38","guid":{"rendered":"https:\/\/mojevyslapy.betunak.cz\/?page_id=1895"},"modified":"2023-12-16T16:53:16","modified_gmt":"2023-12-16T15:53:16","slug":"listopad-2023","status":"publish","type":"page","link":"https:\/\/mojevyslapy.betunak.cz\/?page_id=1895","title":{"rendered":"Listopad 2023"},"content":{"rendered":"<div class=\"wp-block-image\">\n<figure class=\"alignright size-full is-resized\"><a href=\"https:\/\/mapy.cz\/s\/bumogejolo\" target=\"_blank\" rel=\"noreferrer noopener\"><img loading=\"lazy\" decoding=\"async\" width=\"393\" height=\"868\" src=\"https:\/\/mojevyslapy.betunak.cz\/wp-content\/uploads\/2023\/12\/mapa-1.jpg\" alt=\"\" class=\"wp-image-1955\" style=\"aspect-ratio:0.45276497695852536;width:105px;height:auto\" srcset=\"https:\/\/mojevyslapy.betunak.cz\/wp-content\/uploads\/2023\/12\/mapa-1.jpg 393w, https:\/\/mojevyslapy.betunak.cz\/wp-content\/uploads\/2023\/12\/mapa-1-136x300.jpg 136w\" sizes=\"auto, (max-width: 393px) 100vw, 393px\" \/><\/a><\/figure><\/div>\n\n<p><span id=\"28.11.23\" class=\"sta-anchor \" aria-hidden=\"true\"><\/span>28.11.2023 Ve\u0159ovice &#8211; Javorn\u00edk &#8211; Ro\u017enov p.Rad.<br \/>\n15,1 km<br \/>\nngg_shortcode_0_placeholder<\/p>\n","protected":false},"excerpt":{"rendered":"","protected":false},"author":1,"featured_media":0,"parent":0,"menu_order":0,"comment_status":"closed","ping_status":"closed","template":"","meta":{"ngg_post_thumbnail":0,"footnotes":""},"class_list":["post-1895","page","type-page","status-publish","hentry"],"jetpack_sharing_enabled":true,"_links":{"self":[{"href":"https:\/\/mojevyslapy.betunak.cz\/index.php?rest_route=\/wp\/v2\/pages\/1895","targetHints":{"allow":["GET"]}}],"collection":[{"href":"https:\/\/mojevyslapy.betunak.cz\/index.php?rest_route=\/wp\/v2\/pages"}],"about":[{"href":"https:\/\/mojevyslapy.betunak.cz\/index.php?rest_route=\/wp\/v2\/types\/page"}],"author":[{"embeddable":true,"href":"https:\/\/mojevyslapy.betunak.cz\/index.php?rest_route=\/wp\/v2\/users\/1"}],"replies":[{"embeddable":true,"href":"https:\/\/mojevyslapy.betunak.cz\/index.php?rest_route=%2Fwp%2Fv2%2Fcomments&post=1895"}],"version-history":[{"count":0,"href":"https:\/\/mojevyslapy.betunak.cz\/index.php?rest_route=\/wp\/v2\/pages\/1895\/revisions"}],"wp:attachment":[{"href":"https:\/\/mojevyslapy.betunak.cz\/index.php?rest_route=%2Fwp%2Fv2%2Fmedia&parent=1895"}],"curies":[{"name":"wp","href":"https:\/\/api.w.org\/{rel}","templated":true}]}}