{"id":2007,"date":"2024-01-13T16:53:00","date_gmt":"2024-01-13T15:53:00","guid":{"rendered":"https:\/\/mojevyslapy.betunak.cz\/?page_id=2007"},"modified":"2024-01-27T16:59:23","modified_gmt":"2024-01-27T15:59:23","slug":"leden-2024","status":"publish","type":"page","link":"https:\/\/mojevyslapy.betunak.cz\/?page_id=2007","title":{"rendered":"Leden 2024"},"content":{"rendered":"<div class=\"wp-block-image\">\n<figure class=\"alignright size-full is-resized\"><a href=\"https:\/\/mapy.cz\/s\/davogarevu\" target=\"_blank\" rel=\"noreferrer noopener\"><img loading=\"lazy\" decoding=\"async\" width=\"619\" height=\"521\" src=\"https:\/\/mojevyslapy.betunak.cz\/wp-content\/uploads\/2024\/01\/Mapa.jpg\" alt=\"\" class=\"wp-image-2042\" style=\"aspect-ratio:1.1880998080614202;width:171px;height:auto\" srcset=\"https:\/\/mojevyslapy.betunak.cz\/wp-content\/uploads\/2024\/01\/Mapa.jpg 619w, https:\/\/mojevyslapy.betunak.cz\/wp-content\/uploads\/2024\/01\/Mapa-300x253.jpg 300w\" sizes=\"auto, (max-width: 619px) 100vw, 619px\" \/><\/a><\/figure><\/div>\n\n<p><span id=\"7.1.24\" class=\"sta-anchor \" aria-hidden=\"true\"><\/span>7.1.2024 Val.Mez. &#8211; R\u00e1j na zemi<br \/>\n10,5 km<br \/>\nngg_shortcode_0_placeholder<\/p>\n\n\n<div class=\"wp-block-image\">\n<figure class=\"alignright size-full is-resized\"><a href=\"https:\/\/mapy.cz\/s\/ragacesala\" target=\"_blank\" rel=\"noreferrer noopener\"><img loading=\"lazy\" decoding=\"async\" width=\"711\" height=\"594\" src=\"https:\/\/mojevyslapy.betunak.cz\/wp-content\/uploads\/2024\/01\/mapa-1.jpg\" alt=\"\" class=\"wp-image-2045\" style=\"aspect-ratio:1.196969696969697;width:171px;height:auto\" srcset=\"https:\/\/mojevyslapy.betunak.cz\/wp-content\/uploads\/2024\/01\/mapa-1.jpg 711w, https:\/\/mojevyslapy.betunak.cz\/wp-content\/uploads\/2024\/01\/mapa-1-300x251.jpg 300w\" sizes=\"auto, (max-width: 711px) 100vw, 711px\" \/><\/a><\/figure><\/div>\n\n<p><span id=\"13.1.24\" class=\"sta-anchor \" aria-hidden=\"true\"><\/span>13.1.2024 Mo\u0159kov &#8211; Val.Mez.<br \/>\n13,2 km<br \/>\nngg_shortcode_1_placeholder<\/p>\n\n\n<div class=\"wp-block-image\">\n<figure class=\"alignright size-full is-resized\"><a href=\"https:\/\/mapy.cz\/s\/bujatatame\" target=\"_blank\" rel=\"noreferrer noopener\"><img loading=\"lazy\" decoding=\"async\" width=\"433\" height=\"534\" src=\"https:\/\/mojevyslapy.betunak.cz\/wp-content\/uploads\/2024\/01\/Mapa-2.jpg\" alt=\"\" class=\"wp-image-2072\" style=\"aspect-ratio:0.8108614232209738;width:148px;height:auto\" srcset=\"https:\/\/mojevyslapy.betunak.cz\/wp-content\/uploads\/2024\/01\/Mapa-2.jpg 433w, https:\/\/mojevyslapy.betunak.cz\/wp-content\/uploads\/2024\/01\/Mapa-2-243x300.jpg 243w\" sizes=\"auto, (max-width: 433px) 100vw, 433px\" \/><\/a><\/figure><\/div>\n\n<p><span id=\"20.1.24\" class=\"sta-anchor \" aria-hidden=\"true\"><\/span>20.1.2024 Pindula &#8211; Ba\u010d\u016fv vrch &#8211; Ro\u017enov p. Rad<br \/>\n11,5 km<br \/>\nngg_shortcode_2_placeholder<\/p>\n\n\n<div class=\"wp-block-image\">\n<figure class=\"alignright size-full is-resized\"><a href=\"https:\/\/mapy.cz\/s\/cabucanoko\" target=\"_blank\" rel=\"noreferrer noopener\"><img loading=\"lazy\" decoding=\"async\" width=\"665\" height=\"573\" src=\"https:\/\/mojevyslapy.betunak.cz\/wp-content\/uploads\/2024\/01\/Mapa-3.jpg\" alt=\"\" class=\"wp-image-2128\" style=\"aspect-ratio:1.1605584642233857;width:172px;height:auto\" srcset=\"https:\/\/mojevyslapy.betunak.cz\/wp-content\/uploads\/2024\/01\/Mapa-3.jpg 665w, https:\/\/mojevyslapy.betunak.cz\/wp-content\/uploads\/2024\/01\/Mapa-3-300x258.jpg 300w\" sizes=\"auto, (max-width: 665px) 100vw, 665px\" \/><\/a><\/figure><\/div>\n\n<p><span id=\"27.1.24\" class=\"sta-anchor \" aria-hidden=\"true\"><\/span>27.1.2024 Hutisko &#8211; Pod D\u00edly &#8211; Ro\u017enov p.Rad<br \/>\n14,9 km<br \/>\nngg_shortcode_3_placeholder<\/p>\n","protected":false},"excerpt":{"rendered":"","protected":false},"author":1,"featured_media":0,"parent":0,"menu_order":0,"comment_status":"closed","ping_status":"closed","template":"","meta":{"ngg_post_thumbnail":0,"footnotes":""},"class_list":["post-2007","page","type-page","status-publish","hentry"],"jetpack_sharing_enabled":true,"_links":{"self":[{"href":"https:\/\/mojevyslapy.betunak.cz\/index.php?rest_route=\/wp\/v2\/pages\/2007","targetHints":{"allow":["GET"]}}],"collection":[{"href":"https:\/\/mojevyslapy.betunak.cz\/index.php?rest_route=\/wp\/v2\/pages"}],"about":[{"href":"https:\/\/mojevyslapy.betunak.cz\/index.php?rest_route=\/wp\/v2\/types\/page"}],"author":[{"embeddable":true,"href":"https:\/\/mojevyslapy.betunak.cz\/index.php?rest_route=\/wp\/v2\/users\/1"}],"replies":[{"embeddable":true,"href":"https:\/\/mojevyslapy.betunak.cz\/index.php?rest_route=%2Fwp%2Fv2%2Fcomments&post=2007"}],"version-history":[{"count":0,"href":"https:\/\/mojevyslapy.betunak.cz\/index.php?rest_route=\/wp\/v2\/pages\/2007\/revisions"}],"wp:attachment":[{"href":"https:\/\/mojevyslapy.betunak.cz\/index.php?rest_route=%2Fwp%2Fv2%2Fmedia&parent=2007"}],"curies":[{"name":"wp","href":"https:\/\/api.w.org\/{rel}","templated":true}]}}