{"id":2962,"date":"2024-11-09T16:37:46","date_gmt":"2024-11-09T15:37:46","guid":{"rendered":"https:\/\/mojevyslapy.betunak.cz\/?page_id=2962"},"modified":"2024-11-18T16:57:33","modified_gmt":"2024-11-18T15:57:33","slug":"listopad-2024","status":"publish","type":"page","link":"https:\/\/mojevyslapy.betunak.cz\/?page_id=2962","title":{"rendered":"Listopad 2024"},"content":{"rendered":"<div class=\"wp-block-image\">\n<figure class=\"alignright size-full is-resized\"><a href=\"https:\/\/mapy.cz\/s\/gohucacafe\" target=\"_blank\" rel=\"noreferrer noopener\"><img loading=\"lazy\" decoding=\"async\" width=\"899\" height=\"718\" src=\"https:\/\/mojevyslapy.betunak.cz\/wp-content\/uploads\/2024\/11\/Mapa.jpg\" alt=\"\" class=\"wp-image-2979\" style=\"width:148px;height:auto\" srcset=\"https:\/\/mojevyslapy.betunak.cz\/wp-content\/uploads\/2024\/11\/Mapa.jpg 899w, https:\/\/mojevyslapy.betunak.cz\/wp-content\/uploads\/2024\/11\/Mapa-300x240.jpg 300w, https:\/\/mojevyslapy.betunak.cz\/wp-content\/uploads\/2024\/11\/Mapa-768x613.jpg 768w\" sizes=\"auto, (max-width: 899px) 100vw, 899px\" \/><\/a><\/figure><\/div>\n\n<p><span id=\"9.11.24\" class=\"sta-anchor \" aria-hidden=\"true\"><\/span>9.11.2024 \u0160pi\u010dky &#8211; Skali\u010dka &#8211; Hustope\u010de n. Be\u010dvou<br \/>\n12 km<br \/>\nngg_shortcode_0_placeholder<\/p>\n\n\n<div class=\"wp-block-image\">\n<figure class=\"alignright size-full is-resized\"><a href=\"https:\/\/mapy.cz\/s\/jezajuraha\" target=\"_blank\" rel=\"noreferrer noopener\"><img loading=\"lazy\" decoding=\"async\" width=\"994\" height=\"710\" src=\"https:\/\/mojevyslapy.betunak.cz\/wp-content\/uploads\/2024\/11\/Mapa-1.jpg\" alt=\"\" class=\"wp-image-2989\" style=\"width:151px;height:auto\" srcset=\"https:\/\/mojevyslapy.betunak.cz\/wp-content\/uploads\/2024\/11\/Mapa-1.jpg 994w, https:\/\/mojevyslapy.betunak.cz\/wp-content\/uploads\/2024\/11\/Mapa-1-300x214.jpg 300w, https:\/\/mojevyslapy.betunak.cz\/wp-content\/uploads\/2024\/11\/Mapa-1-768x549.jpg 768w\" sizes=\"auto, (max-width: 994px) 100vw, 994px\" \/><\/a><\/figure><\/div>\n\n<p><span id=\"15.11.24\" class=\"sta-anchor \" aria-hidden=\"true\"><\/span>15.11.2024 Kr\u00e1sn\u00e1 L\u00edpa &#8211; Doubice &#8211; Kr\u00e1sn\u00e1 L\u00edpa<br \/>\n15 km<br \/>\nngg_shortcode_1_placeholder<\/p>\n\n\n<div class=\"wp-block-image\">\n<figure class=\"alignright size-full is-resized\"><a href=\"https:\/\/mapy.cz\/s\/lapevemeha\" target=\"_blank\" rel=\"noreferrer noopener\"><img loading=\"lazy\" decoding=\"async\" width=\"947\" height=\"673\" src=\"https:\/\/mojevyslapy.betunak.cz\/wp-content\/uploads\/2024\/11\/Mapa-2.jpg\" alt=\"\" class=\"wp-image-2990\" style=\"width:152px;height:auto\" srcset=\"https:\/\/mojevyslapy.betunak.cz\/wp-content\/uploads\/2024\/11\/Mapa-2.jpg 947w, https:\/\/mojevyslapy.betunak.cz\/wp-content\/uploads\/2024\/11\/Mapa-2-300x213.jpg 300w, https:\/\/mojevyslapy.betunak.cz\/wp-content\/uploads\/2024\/11\/Mapa-2-768x546.jpg 768w\" sizes=\"auto, (max-width: 947px) 100vw, 947px\" \/><\/a><\/figure><\/div>\n\n<p><span id=\"16.11.24\" class=\"sta-anchor \" aria-hidden=\"true\"><\/span>16.11.2024 Kr\u00e1sn\u00e1 L\u00edpa &#8211; Kyjovsk\u00e9 \u00fadol\u00ed &#8211; Vl\u010d\u00ed Hora &#8211; Kr\u00e1sn\u00e1 L\u00edpa<br \/>\n17,5 km<br \/>\nngg_shortcode_2_placeholder<\/p>\n\n\n\n<p><\/p>\n","protected":false},"excerpt":{"rendered":"","protected":false},"author":1,"featured_media":0,"parent":0,"menu_order":0,"comment_status":"closed","ping_status":"closed","template":"","meta":{"ngg_post_thumbnail":0,"footnotes":""},"class_list":["post-2962","page","type-page","status-publish","hentry"],"jetpack_sharing_enabled":true,"_links":{"self":[{"href":"https:\/\/mojevyslapy.betunak.cz\/index.php?rest_route=\/wp\/v2\/pages\/2962","targetHints":{"allow":["GET"]}}],"collection":[{"href":"https:\/\/mojevyslapy.betunak.cz\/index.php?rest_route=\/wp\/v2\/pages"}],"about":[{"href":"https:\/\/mojevyslapy.betunak.cz\/index.php?rest_route=\/wp\/v2\/types\/page"}],"author":[{"embeddable":true,"href":"https:\/\/mojevyslapy.betunak.cz\/index.php?rest_route=\/wp\/v2\/users\/1"}],"replies":[{"embeddable":true,"href":"https:\/\/mojevyslapy.betunak.cz\/index.php?rest_route=%2Fwp%2Fv2%2Fcomments&post=2962"}],"version-history":[{"count":0,"href":"https:\/\/mojevyslapy.betunak.cz\/index.php?rest_route=\/wp\/v2\/pages\/2962\/revisions"}],"wp:attachment":[{"href":"https:\/\/mojevyslapy.betunak.cz\/index.php?rest_route=%2Fwp%2Fv2%2Fmedia&parent=2962"}],"curies":[{"name":"wp","href":"https:\/\/api.w.org\/{rel}","templated":true}]}}