{"id":3107,"date":"2024-12-07T17:26:54","date_gmt":"2024-12-07T16:26:54","guid":{"rendered":"https:\/\/mojevyslapy.betunak.cz\/?page_id=3107"},"modified":"2024-12-14T18:05:09","modified_gmt":"2024-12-14T17:05:09","slug":"prosinec-2024","status":"publish","type":"page","link":"https:\/\/mojevyslapy.betunak.cz\/?page_id=3107","title":{"rendered":"Prosinec 2024"},"content":{"rendered":"<div class=\"wp-block-image\">\n<figure class=\"alignright size-full is-resized\"><a href=\"https:\/\/mapy.cz\/s\/pugusofuhu\" target=\"_blank\" rel=\"noreferrer noopener\"><img loading=\"lazy\" decoding=\"async\" width=\"378\" height=\"466\" src=\"https:\/\/mojevyslapy.betunak.cz\/wp-content\/uploads\/2024\/12\/Mapa.png\" alt=\"\" class=\"wp-image-3110\" style=\"width:131px;height:auto\" srcset=\"https:\/\/mojevyslapy.betunak.cz\/wp-content\/uploads\/2024\/12\/Mapa.png 378w, https:\/\/mojevyslapy.betunak.cz\/wp-content\/uploads\/2024\/12\/Mapa-243x300.png 243w\" sizes=\"auto, (max-width: 378px) 100vw, 378px\" \/><\/a><\/figure><\/div>\n\n<p><span id=\"7.12.24\" class=\"sta-anchor \" aria-hidden=\"true\"><\/span>7.12.2024 N\u00e1vojn\u00e1 &#8211; Kr\u00e1lovec &#8211; Vala\u0161sk\u00e9 Klobouky<br \/>\n10 km<br \/>\nngg_shortcode_0_placeholder<\/p>\n\n\n<div class=\"wp-block-image\">\n<figure class=\"alignright size-full is-resized\"><a href=\"https:\/\/mapy.cz\/s\/ledolaleve\" target=\"_blank\" rel=\"noreferrer noopener\"><img loading=\"lazy\" decoding=\"async\" width=\"645\" height=\"588\" src=\"https:\/\/mojevyslapy.betunak.cz\/wp-content\/uploads\/2024\/12\/Mapa-1.png\" alt=\"\" class=\"wp-image-3173\" style=\"width:139px;height:auto\" srcset=\"https:\/\/mojevyslapy.betunak.cz\/wp-content\/uploads\/2024\/12\/Mapa-1.png 645w, https:\/\/mojevyslapy.betunak.cz\/wp-content\/uploads\/2024\/12\/Mapa-1-300x273.png 300w\" sizes=\"auto, (max-width: 645px) 100vw, 645px\" \/><\/a><\/figure><\/div>\n\n<p><span id=\"11.12.24\" class=\"sta-anchor \" aria-hidden=\"true\"><\/span>11.12.2024 Teplice &#8211; propast &#8211; Val\u0161ovick\u00e1 jez\u00edrka &#8211; Hranice<br \/>\n14 km<br \/>\nngg_shortcode_1_placeholder<\/p>\n\n\n<div class=\"wp-block-image\">\n<figure class=\"alignright size-full is-resized\"><a href=\"https:\/\/mapy.cz\/s\/lutuguhana\" target=\"_blank\" rel=\"noreferrer noopener\"><img loading=\"lazy\" decoding=\"async\" width=\"393\" height=\"531\" src=\"https:\/\/mojevyslapy.betunak.cz\/wp-content\/uploads\/2024\/12\/Mapa-2.png\" alt=\"\" class=\"wp-image-3201\" style=\"width:103px;height:auto\" srcset=\"https:\/\/mojevyslapy.betunak.cz\/wp-content\/uploads\/2024\/12\/Mapa-2.png 393w, https:\/\/mojevyslapy.betunak.cz\/wp-content\/uploads\/2024\/12\/Mapa-2-222x300.png 222w\" sizes=\"auto, (max-width: 393px) 100vw, 393px\" \/><\/a><\/figure><\/div>\n\n<p><span id=\"14.12.24\" class=\"sta-anchor \" aria-hidden=\"true\"><\/span>14.12.2024 Kop\u0159ivnice &#8211; V\u011bt\u0159kovice &#8211; P\u0159\u00edbor<br \/>\n9 km<br \/>\nngg_shortcode_2_placeholder<\/p>\n","protected":false},"excerpt":{"rendered":"","protected":false},"author":1,"featured_media":0,"parent":0,"menu_order":0,"comment_status":"closed","ping_status":"closed","template":"","meta":{"ngg_post_thumbnail":0,"footnotes":""},"class_list":["post-3107","page","type-page","status-publish","hentry"],"jetpack_sharing_enabled":true,"_links":{"self":[{"href":"https:\/\/mojevyslapy.betunak.cz\/index.php?rest_route=\/wp\/v2\/pages\/3107","targetHints":{"allow":["GET"]}}],"collection":[{"href":"https:\/\/mojevyslapy.betunak.cz\/index.php?rest_route=\/wp\/v2\/pages"}],"about":[{"href":"https:\/\/mojevyslapy.betunak.cz\/index.php?rest_route=\/wp\/v2\/types\/page"}],"author":[{"embeddable":true,"href":"https:\/\/mojevyslapy.betunak.cz\/index.php?rest_route=\/wp\/v2\/users\/1"}],"replies":[{"embeddable":true,"href":"https:\/\/mojevyslapy.betunak.cz\/index.php?rest_route=%2Fwp%2Fv2%2Fcomments&post=3107"}],"version-history":[{"count":0,"href":"https:\/\/mojevyslapy.betunak.cz\/index.php?rest_route=\/wp\/v2\/pages\/3107\/revisions"}],"wp:attachment":[{"href":"https:\/\/mojevyslapy.betunak.cz\/index.php?rest_route=%2Fwp%2Fv2%2Fmedia&parent=3107"}],"curies":[{"name":"wp","href":"https:\/\/api.w.org\/{rel}","templated":true}]}}