{"id":3217,"date":"2025-01-01T16:38:12","date_gmt":"2025-01-01T15:38:12","guid":{"rendered":"https:\/\/mojevyslapy.betunak.cz\/?page_id=3217"},"modified":"2025-12-28T17:24:57","modified_gmt":"2025-12-28T16:24:57","slug":"vyslapy-2025","status":"publish","type":"page","link":"https:\/\/mojevyslapy.betunak.cz\/?page_id=3217","title":{"rendered":"V\u00fd\u0161lapy 2025"},"content":{"rendered":"\n<figure class=\"wp-block-table aligncenter is-style-regular has-small-font-size\"><table><tbody><tr><td class=\"has-text-align-center\" data-align=\"center\"><\/td><td class=\"has-text-align-center\" data-align=\"center\"><strong><a href=\"https:\/\/mojevyslapy.betunak.cz\/?page_id=3227\">Leden 2025<\/a><\/strong><\/td><td class=\"has-text-align-center\" data-align=\"center\"><\/td><td><\/td><td class=\"has-text-align-center\" data-align=\"center\"><\/td><\/tr><tr><td class=\"has-text-align-center\" data-align=\"center\">1.1.2025<\/td><td class=\"has-text-align-center\" data-align=\"center\"><a href=\"https:\/\/mojevyslapy.betunak.cz\/?page_id=3227\/#1.1.25\">Pustevny &#8211; Radho\u0161\u0165 &#8211; Ro\u017enov p.R.<\/a><\/td><td class=\"has-text-align-center\" data-align=\"center\"><\/td><td><\/td><td class=\"has-text-align-center\" data-align=\"center\">12,6 km<\/td><\/tr><tr><td class=\"has-text-align-center\" data-align=\"center\">18.1.2025<\/td><td class=\"has-text-align-center\" data-align=\"center\"><a href=\"https:\/\/mojevyslapy.betunak.cz\/?page_id=3227\/#18.1.25\">Za\u0161ov\u00e1 &#8211; Pod dubem &#8211; VM<\/a><\/td><td class=\"has-text-align-center\" data-align=\"center\"><\/td><td><\/td><td class=\"has-text-align-center\" data-align=\"center\">12 km<\/td><\/tr><tr><td class=\"has-text-align-center\" data-align=\"center\">25.1.2025<\/td><td class=\"has-text-align-center\" data-align=\"center\"><a href=\"https:\/\/mojevyslapy.betunak.cz\/?page_id=3227\/#25.1.25\">Byst\u0159i\u010dka &#8211; P\u00ed\u0161kov\u00e1 &#8211; Jarcov\u00e1<\/a><\/td><td class=\"has-text-align-center\" data-align=\"center\"><\/td><td><\/td><td class=\"has-text-align-center\" data-align=\"center\">10 km<\/td><\/tr><tr><td class=\"has-text-align-center\" data-align=\"center\"><\/td><td class=\"has-text-align-center\" data-align=\"center\"><p class=\"has-small-font-size\">Celkem Leden<\/p><\/td><td class=\"has-text-align-center\" data-align=\"center\"><\/td><td><p class=\"has-small-font-size\">32,5 km<\/p><\/td><td class=\"has-text-align-center\" data-align=\"center\"><\/td><\/tr><tr><td class=\"has-text-align-center\" data-align=\"center\"><\/td><td class=\"has-text-align-center\" data-align=\"center\"><\/td><td class=\"has-text-align-center\" data-align=\"center\"><\/td><td><\/td><td class=\"has-text-align-center\" data-align=\"center\"><\/td><\/tr><tr><td class=\"has-text-align-center\" data-align=\"center\"><\/td><td class=\"has-text-align-center\" data-align=\"center\"><strong>\u00danor 2025<\/strong><\/td><td class=\"has-text-align-center\" data-align=\"center\"><\/td><td><\/td><td class=\"has-text-align-center\" data-align=\"center\"><\/td><\/tr><tr><td class=\"has-text-align-center\" data-align=\"center\">8.2.2025<\/td><td class=\"has-text-align-center\" data-align=\"center\"><a href=\"https:\/\/mojevyslapy.betunak.cz\/?page_id=3354\/#8.2.25\">Jabl\u016fnka &#8211; Vset\u00edn<\/a><\/td><td class=\"has-text-align-center\" data-align=\"center\"><\/td><td><\/td><td class=\"has-text-align-center\" data-align=\"center\">12 km<\/td><\/tr><tr><td class=\"has-text-align-center\" data-align=\"center\">22.2.2025<\/td><td class=\"has-text-align-center\" data-align=\"center\"><a href=\"https:\/\/mojevyslapy.betunak.cz\/?page_id=3354\/#22.2.25\">\u010celadn\u00e1 &#8211; Skura\u010den\u00e1 &#8211; Zavadilka<\/a><\/td><td class=\"has-text-align-center\" data-align=\"center\"><\/td><td><\/td><td class=\"has-text-align-center\" data-align=\"center\">12 km<\/td><\/tr><tr><td class=\"has-text-align-center\" data-align=\"center\"><\/td><td class=\"has-text-align-center\" data-align=\"center\">Celkem \u00danor<\/td><td class=\"has-text-align-center\" data-align=\"center\"><\/td><td>24 km<\/td><td class=\"has-text-align-center\" data-align=\"center\"><\/td><\/tr><tr><td class=\"has-text-align-center\" data-align=\"center\"><\/td><td class=\"has-text-align-center\" data-align=\"center\"><\/td><td class=\"has-text-align-center\" data-align=\"center\"><\/td><td><\/td><td class=\"has-text-align-center\" data-align=\"center\"><\/td><\/tr><tr><td class=\"has-text-align-center\" data-align=\"center\"><\/td><td class=\"has-text-align-center\" data-align=\"center\"><strong>B\u0159ezen 2025<\/strong><\/td><td class=\"has-text-align-center\" data-align=\"center\"><\/td><td><\/td><td class=\"has-text-align-center\" data-align=\"center\"><\/td><\/tr><tr><td class=\"has-text-align-center\" data-align=\"center\">12.3.2025<\/td><td class=\"has-text-align-center\" data-align=\"center\"><a href=\"https:\/\/mojevyslapy.betunak.cz\/?page_id=3407\/#12.3.25\">Ratibo\u0159 &#8211; H\u00e1je rozc. &#8211; Kate\u0159inice<\/a><\/td><td class=\"has-text-align-center\" data-align=\"center\"><\/td><td><\/td><td class=\"has-text-align-center\" data-align=\"center\">16 km<\/td><\/tr><tr><td class=\"has-text-align-center\" data-align=\"center\">19.3.2025<\/td><td class=\"has-text-align-center\" data-align=\"center\"><a href=\"https:\/\/mojevyslapy.betunak.cz\/?page_id=3407\/#19.3.25\">Lu\u017en\u00e1 &#8211; Brat\u0159ejov<\/a><\/td><td class=\"has-text-align-center\" data-align=\"center\"><\/td><td><\/td><td class=\"has-text-align-center\" data-align=\"center\">17 km<\/td><\/tr><tr><td class=\"has-text-align-center\" data-align=\"center\">22.3.2025<\/td><td class=\"has-text-align-center\" data-align=\"center\"><a href=\"https:\/\/mojevyslapy.betunak.cz\/?page_id=3407\/#22.3.25\">Horn\u00ed Be\u010dva &#8211; Velk\u00e9 Karlovice<\/a><\/td><td class=\"has-text-align-center\" data-align=\"center\"><\/td><td><\/td><td class=\"has-text-align-center\" data-align=\"center\">10,6 km<\/td><\/tr><tr><td class=\"has-text-align-center\" data-align=\"center\"><\/td><td class=\"has-text-align-center\" data-align=\"center\">Celkem B\u0159ezen<\/td><td class=\"has-text-align-center\" data-align=\"center\"><\/td><td>43,6 km<\/td><td class=\"has-text-align-center\" data-align=\"center\"><\/td><\/tr><tr><td class=\"has-text-align-center\" data-align=\"center\"><\/td><td class=\"has-text-align-center\" data-align=\"center\"><\/td><td class=\"has-text-align-center\" data-align=\"center\"><\/td><td><\/td><td class=\"has-text-align-center\" data-align=\"center\"><\/td><\/tr><tr><td class=\"has-text-align-center\" data-align=\"center\"><\/td><td class=\"has-text-align-center\" data-align=\"center\"><strong>Duben 2025<\/strong><\/td><td class=\"has-text-align-center\" data-align=\"center\"><\/td><td><\/td><td class=\"has-text-align-center\" data-align=\"center\"><\/td><\/tr><tr><td class=\"has-text-align-center\" data-align=\"center\">5.4.2025<\/td><td class=\"has-text-align-center\" data-align=\"center\"><a href=\"https:\/\/mojevyslapy.betunak.cz\/?page_id=3495\/#5.4.25\">Br\u0148ov &#8211; Mal\u00e1 Lhota &#8211; VM<\/a><\/td><td class=\"has-text-align-center\" data-align=\"center\"><\/td><td><\/td><td class=\"has-text-align-center\" data-align=\"center\">13,2 km<\/td><\/tr><tr><td class=\"has-text-align-center\" data-align=\"center\">12.4.2025<\/td><td class=\"has-text-align-center\" data-align=\"center\"><a href=\"https:\/\/mojevyslapy.betunak.cz\/?page_id=3495\/#12.4.25\">Pozd\u011bchov &#8211; Vala\u0161sk\u00e9 Klobouky<\/a><\/td><td class=\"has-text-align-center\" data-align=\"center\"><\/td><td><\/td><td class=\"has-text-align-center\" data-align=\"center\">15,5 km<\/td><\/tr><tr><td class=\"has-text-align-center\" data-align=\"center\"><\/td><td class=\"has-text-align-center\" data-align=\"center\">Celkem Duben<\/td><td class=\"has-text-align-center\" data-align=\"center\"><\/td><td>28,7 km<\/td><td class=\"has-text-align-center\" data-align=\"center\"><\/td><\/tr><tr><td class=\"has-text-align-center\" data-align=\"center\">21.4.2025<\/td><td class=\"has-text-align-center\" data-align=\"center\"><a href=\"https:\/\/mojevyslapy.betunak.cz\/?page_id=3555\">Poli\u010dn\u00e1 &#8211; Le\u0161n\u00e1 &#8211; Hosta\u0161ovice &#8211; Poli\u010dn\u00e1<\/a><\/td><td class=\"has-text-align-center\" data-align=\"center\"><\/td><td><a href=\"https:\/\/mojevyslapy.betunak.cz\/wp-content\/uploads\/2024\/04\/Kolo.ico\" target=\"_blank\" rel=\"noreferrer noopener\"><img decoding=\"async\" style=\"width: 30px;\" src=\"https:\/\/mojevyslapy.betunak.cz\/wp-content\/uploads\/2024\/04\/Kolo.ico\" alt=\"\"><\/a><\/td><td class=\"has-text-align-center\" data-align=\"center\"><span style=\"color: #ff00ff;\"><strong>31 km<\/strong><\/span><\/td><\/tr><tr><td class=\"has-text-align-center\" data-align=\"center\">27.4.2025<\/td><td class=\"has-text-align-center\" data-align=\"center\"><a href=\"https:\/\/mojevyslapy.betunak.cz\/?page_id=3555\/#27.4.25\">H.Lide\u010d &#8211; Val.Klobouky &#8211; Kr\u00e1lovec &#8211; Vset\u00edn<\/a><\/td><td class=\"has-text-align-center\" data-align=\"center\"><\/td><td><a href=\"https:\/\/mojevyslapy.betunak.cz\/wp-content\/uploads\/2024\/04\/Kolo.ico\" target=\"_blank\" rel=\"noreferrer noopener\"><img decoding=\"async\" style=\"width: 30px;\" src=\"https:\/\/mojevyslapy.betunak.cz\/wp-content\/uploads\/2024\/04\/Kolo.ico\" alt=\"\"><\/a><\/td><td class=\"has-text-align-center\" data-align=\"center\"><span style=\"color: #ff00ff;\"><strong>44 km<\/strong><\/span><\/td><\/tr><tr><td class=\"has-text-align-center\" data-align=\"center\"><\/td><td class=\"has-text-align-center\" data-align=\"center\">Celkem kolo Duben<\/td><td class=\"has-text-align-center\" data-align=\"center\"><\/td><td><span style=\"color: #ff00ff;\"><strong>75 km<\/strong><\/span><\/td><td class=\"has-text-align-center\" data-align=\"center\"><\/td><\/tr><tr><td class=\"has-text-align-center\" data-align=\"center\"><\/td><td class=\"has-text-align-center\" data-align=\"center\"><\/td><td class=\"has-text-align-center\" data-align=\"center\"><\/td><td><\/td><td class=\"has-text-align-center\" data-align=\"center\"><\/td><\/tr><tr><td class=\"has-text-align-center\" data-align=\"center\"><\/td><td class=\"has-text-align-center\" data-align=\"center\"><strong>Kv\u011bten 2025<\/strong><\/td><td class=\"has-text-align-center\" data-align=\"center\"><\/td><td><\/td><td class=\"has-text-align-center\" data-align=\"center\"><\/td><\/tr><tr><td class=\"has-text-align-center\" data-align=\"center\">3.5.2025<\/td><td class=\"has-text-align-center\" data-align=\"center\"><a href=\"https:\/\/mojevyslapy.betunak.cz\/?page_id=3599\/#3.5.25\">P\u00fachov &#8211; Nimnica<\/a><\/td><td class=\"has-text-align-center\" data-align=\"center\"><\/td><td><\/td><td class=\"has-text-align-center\" data-align=\"center\">16 km<\/td><\/tr><tr><td class=\"has-text-align-center\" data-align=\"center\"><\/td><td class=\"has-text-align-center\" data-align=\"center\">Celkem Kv\u011bten<\/td><td class=\"has-text-align-center\" data-align=\"center\"><\/td><td>16 km<\/td><td class=\"has-text-align-center\" data-align=\"center\"><\/td><\/tr><tr><td class=\"has-text-align-center\" data-align=\"center\">1.5.2025<\/td><td class=\"has-text-align-center\" data-align=\"center\"><a href=\"https:\/\/mojevyslapy.betunak.cz\/?page_id=3586\/#1.5.25\">Zelen\u00fd K\u0159\u00ed\u017e \u2013 Libav\u00e1 \u2013 kostel \u2013 B\u00edl\u00fd k\u00e1men &#8211; Kozlov &#8211; Zelen\u00e1 K\u0159\u00ed\u017e<\/a><\/td><td class=\"has-text-align-center\" data-align=\"center\"><\/td><td><a href=\"https:\/\/mojevyslapy.betunak.cz\/wp-content\/uploads\/2024\/04\/Kolo.ico\" target=\"_blank\" rel=\"noreferrer noopener\"><img decoding=\"async\" style=\"width: 30px;\" src=\"https:\/\/mojevyslapy.betunak.cz\/wp-content\/uploads\/2024\/04\/Kolo.ico\" alt=\"\"><\/a><\/td><td class=\"has-text-align-center\" data-align=\"center\"><span style=\"color: #ff00ff;\"><strong>60 km<\/strong><\/span><\/td><\/tr><tr><td class=\"has-text-align-center\" data-align=\"center\"><\/td><td class=\"has-text-align-center\" data-align=\"center\">Celkem kolo Kv\u011bten<\/td><td class=\"has-text-align-center\" data-align=\"center\"><\/td><td><span style=\"color: #ff00ff;\"><strong>60 km<\/strong><\/span><\/td><td class=\"has-text-align-center\" data-align=\"center\"><\/td><\/tr><tr><td class=\"has-text-align-center\" data-align=\"center\"><\/td><td class=\"has-text-align-center\" data-align=\"center\"><\/td><td class=\"has-text-align-center\" data-align=\"center\"><\/td><td><\/td><td class=\"has-text-align-center\" data-align=\"center\"><\/td><\/tr><tr><td class=\"has-text-align-center\" data-align=\"center\"><\/td><td class=\"has-text-align-center\" data-align=\"center\"><strong>\u010cerven 2025<\/strong><\/td><td class=\"has-text-align-center\" data-align=\"center\"><\/td><td><\/td><td class=\"has-text-align-center\" data-align=\"center\"><\/td><\/tr><tr><td class=\"has-text-align-center\" data-align=\"center\">14.6.2025<\/td><td class=\"has-text-align-center\" data-align=\"center\"><a href=\"https:\/\/mojevyslapy.betunak.cz\/?page_id=3679\">Poli\u010dn\u00e1 \u2013 Pod \u017dernov\u00fdm \u2013 Pod Vl\u010d\u00edm \u2013 Zub\u0159\u00ed &#8211; St\u0159\u00edte\u017e &#8211; Poli\u010dn\u00e1<\/a><\/td><td class=\"has-text-align-center\" data-align=\"center\"><\/td><td><a href=\"https:\/\/mojevyslapy.betunak.cz\/wp-content\/uploads\/2024\/04\/Kolo.ico\" target=\"_blank\" rel=\"noreferrer noopener\"><img decoding=\"async\" style=\"width: 30px;\" src=\"https:\/\/mojevyslapy.betunak.cz\/wp-content\/uploads\/2024\/04\/Kolo.ico\" alt=\"\"><\/a><\/td><td class=\"has-text-align-center\" data-align=\"center\"><span style=\"color: #ff00ff;\"><strong>37 km<\/strong><\/span><\/td><\/tr><tr><td class=\"has-text-align-center\" data-align=\"center\"><\/td><td class=\"has-text-align-center\" data-align=\"center\">Celkem kolo \u010cerven<\/td><td class=\"has-text-align-center\" data-align=\"center\"><\/td><td><span style=\"color: #ff00ff;\"><strong>37 km<\/strong><\/span><\/td><td class=\"has-text-align-center\" data-align=\"center\"><\/td><\/tr><tr><td class=\"has-text-align-center\" data-align=\"center\"><\/td><td class=\"has-text-align-center\" data-align=\"center\"><\/td><td class=\"has-text-align-center\" data-align=\"center\"><\/td><td><\/td><td class=\"has-text-align-center\" data-align=\"center\"><\/td><\/tr><tr><td class=\"has-text-align-center\" data-align=\"center\"><\/td><td class=\"has-text-align-center\" data-align=\"center\"><strong>Z\u00e1\u0159\u00ed 2025<\/strong><\/td><td class=\"has-text-align-center\" data-align=\"center\"><\/td><td><\/td><td class=\"has-text-align-center\" data-align=\"center\"><\/td><\/tr><tr><td class=\"has-text-align-center\" data-align=\"center\">13.9.2025<\/td><td class=\"has-text-align-center\" data-align=\"center\"><a href=\"https:\/\/mojevyslapy.betunak.cz\/?page_id=3678\/#13.9.25\">Host\u00fdn &#8211; Hole\u0161ov<\/a><\/td><td class=\"has-text-align-center\" data-align=\"center\"><\/td><td><\/td><td class=\"has-text-align-center\" data-align=\"center\">15 km<\/td><\/tr><tr><td class=\"has-text-align-center\" data-align=\"center\"><\/td><td class=\"has-text-align-center\" data-align=\"center\">Celkem Z\u00e1\u0159\u00ed<\/td><td class=\"has-text-align-center\" data-align=\"center\"><\/td><td>15 km<\/td><td class=\"has-text-align-center\" data-align=\"center\">15 km<\/td><\/tr><tr><td class=\"has-text-align-center\" data-align=\"center\"><\/td><td class=\"has-text-align-center\" data-align=\"center\"><\/td><td class=\"has-text-align-center\" data-align=\"center\"><\/td><td><\/td><td class=\"has-text-align-center\" data-align=\"center\"><\/td><\/tr><tr><td class=\"has-text-align-center\" data-align=\"center\"><\/td><td class=\"has-text-align-center\" data-align=\"center\"><strong>\u0158\u00edjen 2025<\/strong><\/td><td class=\"has-text-align-center\" data-align=\"center\"><\/td><td><\/td><td class=\"has-text-align-center\" data-align=\"center\"><\/td><\/tr><tr><td class=\"has-text-align-center\" data-align=\"center\">3.10.2025<\/td><td class=\"has-text-align-center\" data-align=\"center\"><a href=\"https:\/\/mojevyslapy.betunak.cz\/?page_id=3733\/#3.10.25\">Dlouh\u00e9 str\u00e1n\u011b &#8211; Kouty nad Desnou<\/a><\/td><td class=\"has-text-align-center\" data-align=\"center\"><\/td><td>8,1 km<\/td><td class=\"has-text-align-center\" data-align=\"center\"><\/td><\/tr><tr><td class=\"has-text-align-center\" data-align=\"center\">4.10.2025<\/td><td class=\"has-text-align-center\" data-align=\"center\"><a href=\"https:\/\/mojevyslapy.betunak.cz\/?page_id=3733\/#4.10.25\">\u010cervenohorsk\u00e9 sedlo &#8211; Kouty nad Desnou<\/a><\/td><td class=\"has-text-align-center\" data-align=\"center\"><\/td><td>17,5km<\/td><td class=\"has-text-align-center\" data-align=\"center\"><\/td><\/tr><tr><td class=\"has-text-align-center\" data-align=\"center\">5.10.2025<\/td><td class=\"has-text-align-center\" data-align=\"center\"><a href=\"https:\/\/mojevyslapy.betunak.cz\/?page_id=3733\/#5.10.25\">Z\u00e1mek Losiny<\/a><\/td><td class=\"has-text-align-center\" data-align=\"center\"><\/td><td><\/td><td class=\"has-text-align-center\" data-align=\"center\"><\/td><\/tr><tr><td class=\"has-text-align-center\" data-align=\"center\">18.10.2025<\/td><td class=\"has-text-align-center\" data-align=\"center\"><a href=\"https:\/\/mojevyslapy.betunak.cz\/?page_id=3733\/#18.10.25\">Poli\u010dn\u00e1 &#8211; L\u00e1zy<\/a><\/td><td class=\"has-text-align-center\" data-align=\"center\"><\/td><td>9,6 km<\/td><td class=\"has-text-align-center\" data-align=\"center\">35,2 km<\/td><\/tr><tr><td class=\"has-text-align-center\" data-align=\"center\"><\/td><td class=\"has-text-align-center\" data-align=\"center\"><\/td><td class=\"has-text-align-center\" data-align=\"center\"><\/td><td><\/td><td class=\"has-text-align-center\" data-align=\"center\"><\/td><\/tr><tr><td class=\"has-text-align-center\" data-align=\"center\"><\/td><td class=\"has-text-align-center\" data-align=\"center\"><strong>Listopad 2025<\/strong><\/td><td class=\"has-text-align-center\" data-align=\"center\"><\/td><td><\/td><td class=\"has-text-align-center\" data-align=\"center\"><\/td><\/tr><tr><td class=\"has-text-align-center\" data-align=\"center\">1.11.2025<\/td><td class=\"has-text-align-center\" data-align=\"center\"><a href=\"https:\/\/mojevyslapy.betunak.cz\/?page_id=3839\/#1.11.25\">Halenkov &#8211; Koh\u00fatka &#8211; Hrozenkov<\/a><\/td><td class=\"has-text-align-center\" data-align=\"center\"><\/td><td>16 km<\/td><td class=\"has-text-align-center\" data-align=\"center\">16 km<\/td><\/tr><tr><td class=\"has-text-align-center\" data-align=\"center\"><\/td><td class=\"has-text-align-center\" data-align=\"center\"><\/td><td class=\"has-text-align-center\" data-align=\"center\"><\/td><td><\/td><td class=\"has-text-align-center\" data-align=\"center\"><\/td><\/tr><tr><td class=\"has-text-align-center\" data-align=\"center\"><\/td><td class=\"has-text-align-center\" data-align=\"center\"><strong>Prosinec 2025<\/strong><\/td><td class=\"has-text-align-center\" data-align=\"center\"><\/td><td><\/td><td class=\"has-text-align-center\" data-align=\"center\"><\/td><\/tr><tr><td class=\"has-text-align-center\" data-align=\"center\">6.1.2025<\/td><td class=\"has-text-align-center\" data-align=\"center\"><a href=\"https:\/\/mojevyslapy.betunak.cz\/?page_id=3869\/#6.12.25\">P\u0159erovsk\u00fd traverz<\/a><\/td><td class=\"has-text-align-center\" data-align=\"center\"><\/td><td>17 km<\/td><td class=\"has-text-align-center\" data-align=\"center\"><\/td><\/tr><tr><td class=\"has-text-align-center\" data-align=\"center\">13.12.2025<\/td><td class=\"has-text-align-center\" data-align=\"center\"><a href=\"https:\/\/mojevyslapy.betunak.cz\/?page_id=3869\/#13.12.25\">Horn\u00ed Be\u010dva \u2013 Bene\u0161ky \u2013 Horn\u00ed Be\u010dva<\/a><\/td><td class=\"has-text-align-center\" data-align=\"center\"><\/td><td>14,4 km<\/td><td class=\"has-text-align-center\" data-align=\"center\"><\/td><\/tr><tr><td class=\"has-text-align-center\" data-align=\"center\">28.12.2025<\/td><td class=\"has-text-align-center\" data-align=\"center\"><a href=\"https:\/\/mojevyslapy.betunak.cz\/?page_id=3869\/#28.12.25\">Mo\u0159kov \u2013 Troja\u010dka rozc. \u2013 Restaurace u Bund\u00e1r\u016f<\/a><\/td><td class=\"has-text-align-center\" data-align=\"center\"><\/td><td>13 km<\/td><td class=\"has-text-align-center\" data-align=\"center\">44,4 km<\/td><\/tr><\/tbody><tfoot><tr><td class=\"has-text-align-center\" data-align=\"center\"><\/td><td class=\"has-text-align-center\" data-align=\"center\"><strong>Celkem rok<\/strong><\/td><td><\/td><td><\/td><td class=\"has-text-align-center\" data-align=\"center\"><strong>288,9 km<\/strong><\/td><\/tr><tr><td class=\"has-text-align-center\" data-align=\"center\"><a href=\"https:\/\/mojevyslapy.betunak.cz\/wp-content\/uploads\/2024\/04\/Kolo.ico\" target=\"_blank\" rel=\"noreferrer noopener\"><img decoding=\"async\" style=\"width: 30px;\" src=\"https:\/\/mojevyslapy.betunak.cz\/wp-content\/uploads\/2024\/04\/Kolo.ico\" alt=\"\"><\/a><\/td><td class=\"has-text-align-center\" data-align=\"center\"><strong><span style=\"color: #ff00ff;\">Celkem kolo rok<\/span><\/strong><\/td><td><\/td><td><\/td><td class=\"has-text-align-center\" data-align=\"center\"><span style=\"color: #ff00ff;\"><strong>172 km<\/strong><\/span><\/td><\/tr><\/tfoot><\/table><\/figure>\n\n\n\n<p><a href=\"https:\/\/mojevyslapy.betunak.cz\/wp-admin\/edit.php?post_type=page\" class=\"broken_link\"><\/a><\/p>\n\n\n\n<p><\/p>\n","protected":false},"excerpt":{"rendered":"<p>Leden 2025&nbsp;1.1.2025 Pustevny &#8211; Radho\u0161\u0165 &#8211; Ro\u017enov p.R. 12,6 km 18.1.2025 Za\u0161ov\u00e1 &#8211; Pod dubem &#8211; VM 12 km 25.1.2025 Byst\u0159i\u010dka &#8211; P\u00ed\u0161kov\u00e1 &#8211; Jarcov\u00e1 10 km Celkem Leden 32,5 km \u00danor 2025&nbsp;8.2.2025 Jabl\u016fnka &#8211; Vset\u00edn 12 km<\/p>\n","protected":false},"author":1,"featured_media":0,"parent":0,"menu_order":0,"comment_status":"closed","ping_status":"closed","template":"","meta":{"ngg_post_thumbnail":0,"footnotes":""},"class_list":["post-3217","page","type-page","status-publish","hentry"],"jetpack_sharing_enabled":true,"_links":{"self":[{"href":"https:\/\/mojevyslapy.betunak.cz\/index.php?rest_route=\/wp\/v2\/pages\/3217","targetHints":{"allow":["GET"]}}],"collection":[{"href":"https:\/\/mojevyslapy.betunak.cz\/index.php?rest_route=\/wp\/v2\/pages"}],"about":[{"href":"https:\/\/mojevyslapy.betunak.cz\/index.php?rest_route=\/wp\/v2\/types\/page"}],"author":[{"embeddable":true,"href":"https:\/\/mojevyslapy.betunak.cz\/index.php?rest_route=\/wp\/v2\/users\/1"}],"replies":[{"embeddable":true,"href":"https:\/\/mojevyslapy.betunak.cz\/index.php?rest_route=%2Fwp%2Fv2%2Fcomments&post=3217"}],"version-history":[{"count":0,"href":"https:\/\/mojevyslapy.betunak.cz\/index.php?rest_route=\/wp\/v2\/pages\/3217\/revisions"}],"wp:attachment":[{"href":"https:\/\/mojevyslapy.betunak.cz\/index.php?rest_route=%2Fwp%2Fv2%2Fmedia&parent=3217"}],"curies":[{"name":"wp","href":"https:\/\/api.w.org\/{rel}","templated":true}]}}