{"id":3227,"date":"2025-01-01T17:03:49","date_gmt":"2025-01-01T16:03:49","guid":{"rendered":"https:\/\/mojevyslapy.betunak.cz\/?page_id=3227"},"modified":"2025-01-25T15:26:21","modified_gmt":"2025-01-25T14:26:21","slug":"leden-2025","status":"publish","type":"page","link":"https:\/\/mojevyslapy.betunak.cz\/?page_id=3227","title":{"rendered":"Leden 2025"},"content":{"rendered":"<div class=\"wp-block-image\">\n<figure class=\"alignright size-large is-resized\"><a href=\"https:\/\/mapy.cz\/s\/foneguguce\" target=\"_blank\" rel=\"noreferrer noopener\"><img loading=\"lazy\" decoding=\"async\" width=\"1024\" height=\"384\" src=\"https:\/\/mojevyslapy.betunak.cz\/wp-content\/uploads\/2025\/01\/Mapa-1024x384.jpg\" alt=\"\" class=\"wp-image-3266\" style=\"width:214px;height:auto\" srcset=\"https:\/\/mojevyslapy.betunak.cz\/wp-content\/uploads\/2025\/01\/Mapa-1024x384.jpg 1024w, https:\/\/mojevyslapy.betunak.cz\/wp-content\/uploads\/2025\/01\/Mapa-300x113.jpg 300w, https:\/\/mojevyslapy.betunak.cz\/wp-content\/uploads\/2025\/01\/Mapa-768x288.jpg 768w, https:\/\/mojevyslapy.betunak.cz\/wp-content\/uploads\/2025\/01\/Mapa-1536x577.jpg 1536w, https:\/\/mojevyslapy.betunak.cz\/wp-content\/uploads\/2025\/01\/Mapa.jpg 1681w\" sizes=\"auto, (max-width: 1024px) 100vw, 1024px\" \/><\/a><\/figure><\/div>\n\n<p><span id=\"1.1.25\" class=\"sta-anchor \" aria-hidden=\"true\"><\/span>1.1.2025 Pustevny &#8211; Radho\u0161\u0165 &#8211; Ro\u017enov p.R.<br \/>\n12,6 km<br \/>\nngg_shortcode_0_placeholder<\/p>\n\n\n<div class=\"wp-block-image\">\n<figure class=\"alignright size-full is-resized\"><a href=\"https:\/\/mapy.cz\/s\/huhubopeje\" target=\"_blank\" rel=\"noreferrer noopener\"><img loading=\"lazy\" decoding=\"async\" width=\"908\" height=\"733\" src=\"https:\/\/mojevyslapy.betunak.cz\/wp-content\/uploads\/2025\/01\/Mapa-1.jpg\" alt=\"\" class=\"wp-image-3292\" style=\"width:120px;height:auto\" srcset=\"https:\/\/mojevyslapy.betunak.cz\/wp-content\/uploads\/2025\/01\/Mapa-1.jpg 908w, https:\/\/mojevyslapy.betunak.cz\/wp-content\/uploads\/2025\/01\/Mapa-1-300x242.jpg 300w, https:\/\/mojevyslapy.betunak.cz\/wp-content\/uploads\/2025\/01\/Mapa-1-768x620.jpg 768w\" sizes=\"auto, (max-width: 908px) 100vw, 908px\" \/><\/a><\/figure><\/div>\n\n<p><span id=\"18.1.25\" class=\"sta-anchor \" aria-hidden=\"true\"><\/span>18.1.2025 Za\u0161ov\u00e1 &#8211; Pod dubem &#8211; VM<br \/>\n12 km<br \/>\nngg_shortcode_1_placeholder<\/p>\n\n\n<div class=\"wp-block-image\">\n<figure class=\"alignright size-full is-resized\"><a href=\"https:\/\/mapy.cz\/s\/muhavalalu\" target=\"_blank\" rel=\"noreferrer noopener\"><img loading=\"lazy\" decoding=\"async\" width=\"623\" height=\"604\" src=\"https:\/\/mojevyslapy.betunak.cz\/wp-content\/uploads\/2025\/01\/Mapa-2.jpg\" alt=\"\" class=\"wp-image-3310\" style=\"width:129px;height:auto\" srcset=\"https:\/\/mojevyslapy.betunak.cz\/wp-content\/uploads\/2025\/01\/Mapa-2.jpg 623w, https:\/\/mojevyslapy.betunak.cz\/wp-content\/uploads\/2025\/01\/Mapa-2-300x291.jpg 300w\" sizes=\"auto, (max-width: 623px) 100vw, 623px\" \/><\/a><\/figure><\/div>\n\n<p><span id=\"25.1.25\" class=\"sta-anchor \" aria-hidden=\"true\"><\/span>25.1.2025 Byst\u0159i\u010dka &#8211; P\u00ed\u0161kov\u00e1 &#8211; Jarcov\u00e1<br \/>\n10 km<br \/>\nngg_shortcode_2_placeholder<\/p>\n","protected":false},"excerpt":{"rendered":"","protected":false},"author":1,"featured_media":0,"parent":0,"menu_order":0,"comment_status":"closed","ping_status":"closed","template":"","meta":{"ngg_post_thumbnail":0,"footnotes":""},"class_list":["post-3227","page","type-page","status-publish","hentry"],"jetpack_sharing_enabled":true,"_links":{"self":[{"href":"https:\/\/mojevyslapy.betunak.cz\/index.php?rest_route=\/wp\/v2\/pages\/3227","targetHints":{"allow":["GET"]}}],"collection":[{"href":"https:\/\/mojevyslapy.betunak.cz\/index.php?rest_route=\/wp\/v2\/pages"}],"about":[{"href":"https:\/\/mojevyslapy.betunak.cz\/index.php?rest_route=\/wp\/v2\/types\/page"}],"author":[{"embeddable":true,"href":"https:\/\/mojevyslapy.betunak.cz\/index.php?rest_route=\/wp\/v2\/users\/1"}],"replies":[{"embeddable":true,"href":"https:\/\/mojevyslapy.betunak.cz\/index.php?rest_route=%2Fwp%2Fv2%2Fcomments&post=3227"}],"version-history":[{"count":0,"href":"https:\/\/mojevyslapy.betunak.cz\/index.php?rest_route=\/wp\/v2\/pages\/3227\/revisions"}],"wp:attachment":[{"href":"https:\/\/mojevyslapy.betunak.cz\/index.php?rest_route=%2Fwp%2Fv2%2Fmedia&parent=3227"}],"curies":[{"name":"wp","href":"https:\/\/api.w.org\/{rel}","templated":true}]}}

<div class="wp-block-image">
<figure class="alignright size-large is-resized"><a href="https://mapy.cz/s/foneguguce" target="_blank" rel="noreferrer noopener"><img loading="lazy" decoding="async" width="1024" height="384" src="https://mojevyslapy.betunak.cz/wp-content/uploads/2025/01/Mapa-1024x384.jpg" alt="" class="wp-image-3266" style="width:214px;height:auto" srcset="https://mojevyslapy.betunak.cz/wp-content/uploads/2025/01/Mapa-1024x384.jpg 1024w, https://mojevyslapy.betunak.cz/wp-content/uploads/2025/01/Mapa-300x113.jpg 300w, https://mojevyslapy.betunak.cz/wp-content/uploads/2025/01/Mapa-768x288.jpg 768w, https://mojevyslapy.betunak.cz/wp-content/uploads/2025/01/Mapa-1536x577.jpg 1536w, https://mojevyslapy.betunak.cz/wp-content/uploads/2025/01/Mapa.jpg 1681w" sizes="auto, (max-width: 1024px) 100vw, 1024px" /></a></figure></div>

<p><span id="1.1.25" class="sta-anchor " aria-hidden="true"></span>1.1.2025 Pustevny &#8211; Radhošť &#8211; Rožnov p.R.<br />
12,6 km<br />
ngg_shortcode_0_placeholder</p>


<div class="wp-block-image">
<figure class="alignright size-full is-resized"><a href="https://mapy.cz/s/huhubopeje" target="_blank" rel="noreferrer noopener"><img loading="lazy" decoding="async" width="908" height="733" src="https://mojevyslapy.betunak.cz/wp-content/uploads/2025/01/Mapa-1.jpg" alt="" class="wp-image-3292" style="width:120px;height:auto" srcset="https://mojevyslapy.betunak.cz/wp-content/uploads/2025/01/Mapa-1.jpg 908w, https://mojevyslapy.betunak.cz/wp-content/uploads/2025/01/Mapa-1-300x242.jpg 300w, https://mojevyslapy.betunak.cz/wp-content/uploads/2025/01/Mapa-1-768x620.jpg 768w" sizes="auto, (max-width: 908px) 100vw, 908px" /></a></figure></div>

<p><span id="18.1.25" class="sta-anchor " aria-hidden="true"></span>18.1.2025 Zašová &#8211; Pod dubem &#8211; VM<br />
12 km<br />
ngg_shortcode_1_placeholder</p>


<div class="wp-block-image">
<figure class="alignright size-full is-resized"><a href="https://mapy.cz/s/muhavalalu" target="_blank" rel="noreferrer noopener"><img loading="lazy" decoding="async" width="623" height="604" src="https://mojevyslapy.betunak.cz/wp-content/uploads/2025/01/Mapa-2.jpg" alt="" class="wp-image-3310" style="width:129px;height:auto" srcset="https://mojevyslapy.betunak.cz/wp-content/uploads/2025/01/Mapa-2.jpg 623w, https://mojevyslapy.betunak.cz/wp-content/uploads/2025/01/Mapa-2-300x291.jpg 300w" sizes="auto, (max-width: 623px) 100vw, 623px" /></a></figure></div>

<p><span id="25.1.25" class="sta-anchor " aria-hidden="true"></span>25.1.2025 Bystřička &#8211; Píšková &#8211; Jarcová<br />
10 km<br />
ngg_shortcode_2_placeholder</p>
