{"id":3354,"date":"2025-02-08T17:31:50","date_gmt":"2025-02-08T16:31:50","guid":{"rendered":"https:\/\/mojevyslapy.betunak.cz\/?page_id=3354"},"modified":"2025-02-22T15:31:00","modified_gmt":"2025-02-22T14:31:00","slug":"unor-2025","status":"publish","type":"page","link":"https:\/\/mojevyslapy.betunak.cz\/?page_id=3354","title":{"rendered":"\u00danor 2025"},"content":{"rendered":"<div class=\"wp-block-image\">\n<figure class=\"alignright size-full is-resized\"><a href=\"https:\/\/mapy.cz\/s\/pajotunama\" target=\"_blank\" rel=\"noreferrer noopener\"><img loading=\"lazy\" decoding=\"async\" width=\"496\" height=\"642\" src=\"https:\/\/mojevyslapy.betunak.cz\/wp-content\/uploads\/2025\/02\/Mapa.jpg\" alt=\"\" class=\"wp-image-3362\" style=\"width:114px;height:auto\" srcset=\"https:\/\/mojevyslapy.betunak.cz\/wp-content\/uploads\/2025\/02\/Mapa.jpg 496w, https:\/\/mojevyslapy.betunak.cz\/wp-content\/uploads\/2025\/02\/Mapa-232x300.jpg 232w\" sizes=\"auto, (max-width: 496px) 100vw, 496px\" \/><\/a><\/figure><\/div>\n\n<p><span id=\"8.2.25\" class=\"sta-anchor \" aria-hidden=\"true\"><\/span>8.2.2025 Jabl\u016fnka &#8211; Vset\u00edn<br \/>\n10 km<br \/>\nngg_shortcode_0_placeholder<\/p>\n\n\n<div class=\"wp-block-image\">\n<figure class=\"alignright size-large is-resized\"><a href=\"https:\/\/mapy.cz\/s\/foluvabale\" target=\"_blank\" rel=\"noreferrer noopener\"><img loading=\"lazy\" decoding=\"async\" width=\"1024\" height=\"770\" src=\"https:\/\/mojevyslapy.betunak.cz\/wp-content\/uploads\/2025\/02\/Mapa-1-1024x770.jpg\" alt=\"\" class=\"wp-image-3386\" style=\"width:157px;height:auto\" srcset=\"https:\/\/mojevyslapy.betunak.cz\/wp-content\/uploads\/2025\/02\/Mapa-1-1024x770.jpg 1024w, https:\/\/mojevyslapy.betunak.cz\/wp-content\/uploads\/2025\/02\/Mapa-1-300x226.jpg 300w, https:\/\/mojevyslapy.betunak.cz\/wp-content\/uploads\/2025\/02\/Mapa-1-768x577.jpg 768w, https:\/\/mojevyslapy.betunak.cz\/wp-content\/uploads\/2025\/02\/Mapa-1.jpg 1076w\" sizes=\"auto, (max-width: 1024px) 100vw, 1024px\" \/><\/a><\/figure><\/div>\n\n<p><span id=\"22.2.25\" class=\"sta-anchor \" aria-hidden=\"true\"><\/span>22.2.2025 \u010celadn\u00e1 &#8211; Skura\u010dena &#8211; Zavadilka<br \/>\n12 km<br \/>\nngg_shortcode_1_placeholder<\/p>\n","protected":false},"excerpt":{"rendered":"","protected":false},"author":1,"featured_media":0,"parent":0,"menu_order":0,"comment_status":"closed","ping_status":"closed","template":"","meta":{"ngg_post_thumbnail":0,"footnotes":""},"class_list":["post-3354","page","type-page","status-publish","hentry"],"jetpack_sharing_enabled":true,"_links":{"self":[{"href":"https:\/\/mojevyslapy.betunak.cz\/index.php?rest_route=\/wp\/v2\/pages\/3354","targetHints":{"allow":["GET"]}}],"collection":[{"href":"https:\/\/mojevyslapy.betunak.cz\/index.php?rest_route=\/wp\/v2\/pages"}],"about":[{"href":"https:\/\/mojevyslapy.betunak.cz\/index.php?rest_route=\/wp\/v2\/types\/page"}],"author":[{"embeddable":true,"href":"https:\/\/mojevyslapy.betunak.cz\/index.php?rest_route=\/wp\/v2\/users\/1"}],"replies":[{"embeddable":true,"href":"https:\/\/mojevyslapy.betunak.cz\/index.php?rest_route=%2Fwp%2Fv2%2Fcomments&post=3354"}],"version-history":[{"count":0,"href":"https:\/\/mojevyslapy.betunak.cz\/index.php?rest_route=\/wp\/v2\/pages\/3354\/revisions"}],"wp:attachment":[{"href":"https:\/\/mojevyslapy.betunak.cz\/index.php?rest_route=%2Fwp%2Fv2%2Fmedia&parent=3354"}],"curies":[{"name":"wp","href":"https:\/\/api.w.org\/{rel}","templated":true}]}}