{"id":3555,"date":"2025-04-21T15:12:08","date_gmt":"2025-04-21T14:12:08","guid":{"rendered":"https:\/\/mojevyslapy.betunak.cz\/?page_id=3555"},"modified":"2025-04-28T09:31:30","modified_gmt":"2025-04-28T08:31:30","slug":"cyklo-duben-2025","status":"publish","type":"page","link":"https:\/\/mojevyslapy.betunak.cz\/?page_id=3555","title":{"rendered":"Cyklo Duben 2025"},"content":{"rendered":"<div class=\"wp-block-image\">\n<figure class=\"alignright size-full is-resized\"><a href=\"https:\/\/mapy.cz\/s\/recoporudo\" target=\"_blank\" rel=\"noreferrer noopener\"><img loading=\"lazy\" decoding=\"async\" width=\"597\" height=\"790\" src=\"https:\/\/mojevyslapy.betunak.cz\/wp-content\/uploads\/2025\/04\/Mapa-2.jpg\" alt=\"\" class=\"wp-image-3556\" style=\"width:87px;height:auto\" srcset=\"https:\/\/mojevyslapy.betunak.cz\/wp-content\/uploads\/2025\/04\/Mapa-2.jpg 597w, https:\/\/mojevyslapy.betunak.cz\/wp-content\/uploads\/2025\/04\/Mapa-2-227x300.jpg 227w\" sizes=\"auto, (max-width: 597px) 100vw, 597px\" \/><\/a><\/figure><\/div>\n\n<p><span id=\"21.4.25\" class=\"sta-anchor \" aria-hidden=\"true\"><\/span>21.4.2025 Poli\u010dn\u00e1 &#8211; Le\u0161n\u00e1 &#8211; Hosta\u0161ovice &#8211; Poli\u010dn\u00e1<br \/>\n31 km<\/p>\n\n\n<div class=\"wp-block-image\">\n<figure class=\"alignright size-full is-resized\"><a href=\"https:\/\/mapy.cz\/s\/buhekalosu\" target=\"_blank\" rel=\"noreferrer noopener\"><img loading=\"lazy\" decoding=\"async\" width=\"359\" height=\"627\" src=\"https:\/\/mojevyslapy.betunak.cz\/wp-content\/uploads\/2025\/04\/Mapa-3.jpg\" alt=\"\" class=\"wp-image-3569\" style=\"width:86px;height:auto\" srcset=\"https:\/\/mojevyslapy.betunak.cz\/wp-content\/uploads\/2025\/04\/Mapa-3.jpg 359w, https:\/\/mojevyslapy.betunak.cz\/wp-content\/uploads\/2025\/04\/Mapa-3-172x300.jpg 172w\" sizes=\"auto, (max-width: 359px) 100vw, 359px\" \/><\/a><\/figure><\/div>\n\n<p><span id=\"27.4.25\" class=\"sta-anchor \" aria-hidden=\"true\"><\/span>27.4.2025&nbsp;H.Lide\u010d \u2013 Val.Klobouky \u2013 Kr\u00e1lovec \u2013 Vset\u00edn<br \/>\n44 km<br \/>\nngg_shortcode_0_placeholder<\/p>\n","protected":false},"excerpt":{"rendered":"","protected":false},"author":1,"featured_media":0,"parent":0,"menu_order":0,"comment_status":"closed","ping_status":"closed","template":"","meta":{"ngg_post_thumbnail":0,"footnotes":""},"class_list":["post-3555","page","type-page","status-publish","hentry"],"jetpack_sharing_enabled":true,"_links":{"self":[{"href":"https:\/\/mojevyslapy.betunak.cz\/index.php?rest_route=\/wp\/v2\/pages\/3555","targetHints":{"allow":["GET"]}}],"collection":[{"href":"https:\/\/mojevyslapy.betunak.cz\/index.php?rest_route=\/wp\/v2\/pages"}],"about":[{"href":"https:\/\/mojevyslapy.betunak.cz\/index.php?rest_route=\/wp\/v2\/types\/page"}],"author":[{"embeddable":true,"href":"https:\/\/mojevyslapy.betunak.cz\/index.php?rest_route=\/wp\/v2\/users\/1"}],"replies":[{"embeddable":true,"href":"https:\/\/mojevyslapy.betunak.cz\/index.php?rest_route=%2Fwp%2Fv2%2Fcomments&post=3555"}],"version-history":[{"count":0,"href":"https:\/\/mojevyslapy.betunak.cz\/index.php?rest_route=\/wp\/v2\/pages\/3555\/revisions"}],"wp:attachment":[{"href":"https:\/\/mojevyslapy.betunak.cz\/index.php?rest_route=%2Fwp%2Fv2%2Fmedia&parent=3555"}],"curies":[{"name":"wp","href":"https:\/\/api.w.org\/{rel}","templated":true}]}}

<div class="wp-block-image">
<figure class="alignright size-full is-resized"><a href="https://mapy.cz/s/recoporudo" target="_blank" rel="noreferrer noopener"><img loading="lazy" decoding="async" width="597" height="790" src="https://mojevyslapy.betunak.cz/wp-content/uploads/2025/04/Mapa-2.jpg" alt="" class="wp-image-3556" style="width:87px;height:auto" srcset="https://mojevyslapy.betunak.cz/wp-content/uploads/2025/04/Mapa-2.jpg 597w, https://mojevyslapy.betunak.cz/wp-content/uploads/2025/04/Mapa-2-227x300.jpg 227w" sizes="auto, (max-width: 597px) 100vw, 597px" /></a></figure></div>

<p><span id="21.4.25" class="sta-anchor " aria-hidden="true"></span>21.4.2025 Poličná &#8211; Lešná &#8211; Hostašovice &#8211; Poličná<br />
31 km</p>


<div class="wp-block-image">
<figure class="alignright size-full is-resized"><a href="https://mapy.cz/s/buhekalosu" target="_blank" rel="noreferrer noopener"><img loading="lazy" decoding="async" width="359" height="627" src="https://mojevyslapy.betunak.cz/wp-content/uploads/2025/04/Mapa-3.jpg" alt="" class="wp-image-3569" style="width:86px;height:auto" srcset="https://mojevyslapy.betunak.cz/wp-content/uploads/2025/04/Mapa-3.jpg 359w, https://mojevyslapy.betunak.cz/wp-content/uploads/2025/04/Mapa-3-172x300.jpg 172w" sizes="auto, (max-width: 359px) 100vw, 359px" /></a></figure></div>

<p><span id="27.4.25" class="sta-anchor " aria-hidden="true"></span>27.4.2025&nbsp;H.Lideč – Val.Klobouky – Královec – Vsetín<br />
44 km<br />
ngg_shortcode_0_placeholder</p>
